{"id":4129,"date":"2022-05-24T18:03:58","date_gmt":"2022-05-24T16:03:58","guid":{"rendered":"http:\/\/animarelicata.it\/?page_id=4129"},"modified":"2024-06-19T16:41:14","modified_gmt":"2024-06-19T14:41:14","slug":"workshop","status":"publish","type":"page","link":"https:\/\/animarelicata.it\/?page_id=4129","title":{"rendered":"Workshop Animare"},"content":{"rendered":"\n<p class=\"has-medium-font-size\">Scegli tra i Workshop proposti per <strong>Animare Terza Edizione  <\/strong>dall&#8217;11 al 13 Luglio dalle 17:30 alle 18:30<\/p>\n\n\n\n<p class=\"has-medium-font-size\">Localit\u00e0: Solo per giorno 11 Luglio i workshop si terranno presso la sede di Make Hub , in Via Piazzetta Sottotenente Licata n 23 <\/p>\n\n\n\n<p class=\"has-medium-font-size\">Localit\u00e0:  dal 12 al 13 Luglio presso Chiostro della Badia presso <a href=\"https:\/\/cultura.gov.it\/luogo\/museo-civico-archeologico-della-badia-di-licata\">Museo Civico Archeologico della Badia<\/a>, Via Dante 92027 Licata<\/p>\n\n\n\n<p class=\"has-medium-font-size\"><strong>WORKSHOP DI  ANIMAZIONE PER I BAMBINI<\/strong><\/p>\n\n\n\n<p class=\"has-medium-font-size\">DocentI: STAFF di Animare<\/p>\n\n\n\n<p class=\"has-medium-font-size\">Con i fogli di acetato e pennarelli, scopri come venivano colorati i singoli fotogrammi dei grandi classici del cinema di animazione.<\/p>\n\n\n\n<p class=\"has-medium-font-size\"><strong>A chi \u00e8 rivolto?<\/strong><\/p>\n\n\n\n<p class=\"has-medium-font-size\">A tutti gli appassionati di animazione e il suo utilizzo nel mondo lavorativo.<\/p>\n\n\n\n<p class=\"has-medium-font-size\"><\/p>\n\n\n\n<p class=\"has-medium-font-size\"><strong>CHARACTER DESIGN<\/strong><\/p>\n\n\n\n<p class=\"has-medium-font-size\">Docente: Giuseppe di Maio<\/p>\n\n\n\n<p class=\"has-medium-font-size\">Il workshop sar\u00e0 incentrato sulla realizzazione di un character, o pi\u00f9 di uno, attraverso vari metodi di approccio che solitamente avvengono durante le fasi di esplorazione. Attraverso l&#8217;uso delle forme geometriche, delle shapes disegnate a mano libera e dell&#8217;uso diretto del colore, si possono ottenere delle figure interessanti che poi possono essere sviluppate come veri e propri personaggi. Durante il workshop verr\u00e0 mostrato ai partecipanti come anche nei film pi\u00f9 famosi i personaggi hanno subito un processo di ricerca e trasformazione. <\/p>\n\n\n\n<p>Verr\u00e0 analizzato poi qualche artista( tipo Mary Blair) che ha fatto di questo procedimento la sua carta vincente.<\/p>\n\n\n\n<p class=\"has-medium-font-size\"><strong>A chi \u00e8 rivolto?<\/strong><\/p>\n\n\n\n<p class=\"has-medium-font-size\">A tutti gli appassionati di disegno e che vogliono migliorarsi nella rappresentazione della figura umana.<\/p>\n\n\n\n<p class=\"has-medium-font-size\">Numero partecipanti: 20 per giornata<\/p>\n\n\n\n<p class=\"has-medium-font-size\"><strong>WORKSHOP DI ANIMAZIONE <\/strong><\/p>\n\n\n\n<p class=\"has-medium-font-size\">Docente:<strong> STUDIO CIANG<\/strong><\/p>\n\n\n\n<p>Workshop su come realizzare l\u2019effetto \u201cboil\u201d (in italiano \u201ctremolio\u201d), un effetto che<br>contraddistingue lo stile delle animazioni di CIANG e in generale molto usato<br>nell\u2019animazione underground e sperimentale.<br>L\u2019effetto boil nell\u2019animazione tradizionale, \u00e8 generalmente considerato un errore. Nelle<br>animazioni della prima era Disney veniva visto come un difetto, ricercando un tipo di<br>animazione molto fluida e pulita.<br>Nell\u2019animazione underground e indipendente, che presenta uno stile solitamente pi\u00f9 grezzo,<br>l\u2019effetto boil pu\u00f2 essere deliberatamente utilizzato per aggiungere personalit\u00e0, dinamismo o<br>un significato specifico all&#8217;animazione. In questo tipo di estetica diventa un elemento<br>distintivo e apprezzato.<br>Con il tremolio qualsiasi disegno prende immediatamente vita, e con poco sforzo.<br>I partecipanti del workshop disegneranno diversi personaggi, animali, piante e oggetti e<br>creeranno dei loop animati di soli tremolii (nel caso di personaggi con gli occhi magari<br>aggiungeranno un secondo loop con un blink degli occhi).<br>Il workshop si pone l\u2019obiettivo di creare un mini-corto divertente solo BOIL, con tutte le<br>animazioni dei partecipanti. Un bellissimo corto animato fatto da animatori pigri.<br>Prima del workshop verranno mostrati alcuni esempi di animazioni che presentano questo<br>effetto e alcuni meme di 24 Memes Per Second che ironizzano su un certo tipo di<br>animazione sperimentale che realizza corti lunghissimi di soli tremolii.<\/p>\n\n\n\n<p><strong>Definizione effetto boil:<\/strong><br>L&#8217;effetto &#8220;boil&#8221; \u00e8 una tecnica utilizzata nell&#8217;animazione per introdurre un senso di vita e<br>dinamismo ai personaggi o agli oggetti animati. Si manifesta attraverso una leggera<br>distorsione o oscillazione dei contorni o delle forme dell&#8217;oggetto animato, creando un effetto<br>di tremolio o pulsazione.<br>Questo effetto \u00e8 spesso utilizzato per evitare che l&#8217;animazione appaia troppo statica o rigida<br>e aggiunge un look organico e pi\u00f9 naturale all&#8217;animazione.<br>Il boil effect pu\u00f2 essere ottenuto manualmente, disegnando leggere variazioni nei<br>fotogrammi dell&#8217;animazione, oppure pu\u00f2 essere aggiunto digitalmente tramite software di<br>animazione e post-produzione. \u00c8 particolarmente comune in stili di animazione pi\u00f9 grezzi e<br>stilizzati, ed \u00e8 molto efficace per sopperire ad una mancanza tecnica dell\u2019animatore.<br>In sintesi, l&#8217;effetto boil \u00e8 una tecnica semplice ma efficace che contribuisce a rendere<br>l&#8217;animazione pi\u00f9 dinamica ed estetica.<\/p>\n\n\n\n<p class=\"has-medium-font-size\"><strong>A chi \u00e8 rivolto?<\/strong><\/p>\n\n\n\n<p class=\"has-medium-font-size\">A tutti gli appassionati di Animazione<\/p>\n\n\n\n<p class=\"has-medium-font-size\">Numero partecipanti: 20 per giornata<\/p>\n\n\n\n<p class=\"has-medium-font-size\"><\/p>\n\n\n\n<div class=\"wp-block-buttons is-layout-flex wp-block-buttons-is-layout-flex\">\n<div class=\"wp-block-button\"><a class=\"wp-block-button__link wp-element-button\" href=\"https:\/\/www.eventbrite.it\/e\/i-workshop-della-terza-edizione-di-animare-tickets-927410127657?aff=oddtdtcreator\">Partecipa ai Workshop<\/a><\/div>\n<\/div>\n","protected":false},"excerpt":{"rendered":"<p>Scegli tra i Workshop proposti per Animare Terza Edizione dall&#8217;11 al 13 Luglio dalle 17:30 alle 18:30 Localit\u00e0: Solo per giorno 11 Luglio i workshop si terranno presso la sede di Make Hub , in Via Piazzetta Sottotenente Licata n 23 Localit\u00e0: dal 12 al&#8230;<\/p>\n","protected":false},"author":1,"featured_media":0,"parent":0,"menu_order":0,"comment_status":"closed","ping_status":"closed","template":"","meta":{"footnotes":""},"class_list":["post-4129","page","type-page","status-publish","hentry"],"_links":{"self":[{"href":"https:\/\/animarelicata.it\/index.php?rest_route=\/wp\/v2\/pages\/4129","targetHints":{"allow":["GET"]}}],"collection":[{"href":"https:\/\/animarelicata.it\/index.php?rest_route=\/wp\/v2\/pages"}],"about":[{"href":"https:\/\/animarelicata.it\/index.php?rest_route=\/wp\/v2\/types\/page"}],"author":[{"embeddable":true,"href":"https:\/\/animarelicata.it\/index.php?rest_route=\/wp\/v2\/users\/1"}],"replies":[{"embeddable":true,"href":"https:\/\/animarelicata.it\/index.php?rest_route=%2Fwp%2Fv2%2Fcomments&post=4129"}],"version-history":[{"count":21,"href":"https:\/\/animarelicata.it\/index.php?rest_route=\/wp\/v2\/pages\/4129\/revisions"}],"predecessor-version":[{"id":4711,"href":"https:\/\/animarelicata.it\/index.php?rest_route=\/wp\/v2\/pages\/4129\/revisions\/4711"}],"wp:attachment":[{"href":"https:\/\/animarelicata.it\/index.php?rest_route=%2Fwp%2Fv2%2Fmedia&parent=4129"}],"curies":[{"name":"wp","href":"https:\/\/api.w.org\/{rel}","templated":true}]}}